{"id":276,"date":"2022-09-07T16:04:33","date_gmt":"2022-09-07T14:04:33","guid":{"rendered":"https:\/\/yogietyogini.fr\/?page_id=276"},"modified":"2022-09-11T19:02:05","modified_gmt":"2022-09-11T17:02:05","slug":"presentation-de-lanimatrice","status":"publish","type":"page","link":"https:\/\/yogietyogini.fr\/?page_id=276","title":{"rendered":"Pr\u00e9sentation de l&rsquo;animatrice"},"content":{"rendered":"\t\t<div data-elementor-type=\"wp-page\" data-elementor-id=\"276\" class=\"elementor elementor-276\">\n\t\t\t\t\t\t<section class=\"elementor-section elementor-top-section elementor-element elementor-element-ae86c74 elementor-section-boxed elementor-section-height-default elementor-section-height-default\" data-id=\"ae86c74\" data-element_type=\"section\">\n\t\t\t\t\t\t<div class=\"elementor-container elementor-column-gap-default\">\n\t\t\t\t\t<div class=\"elementor-column elementor-col-100 elementor-top-column elementor-element elementor-element-6775bf9\" data-id=\"6775bf9\" data-element_type=\"column\">\n\t\t\t<div class=\"elementor-widget-wrap elementor-element-populated\">\n\t\t\t\t\t\t<div class=\"elementor-element elementor-element-df06d0f elementor-widget elementor-widget-heading\" data-id=\"df06d0f\" data-element_type=\"widget\" data-widget_type=\"heading.default\">\n\t\t\t\t<div class=\"elementor-widget-container\">\n\t\t\t\t\t<h2 class=\"elementor-heading-title elementor-size-default\">Qui suis-je ? <\/h2>\t\t\t\t<\/div>\n\t\t\t\t<\/div>\n\t\t\t\t\t<\/div>\n\t\t<\/div>\n\t\t\t\t\t<\/div>\n\t\t<\/section>\n\t\t\t\t<section class=\"elementor-section elementor-top-section elementor-element elementor-element-8774b79 elementor-section-boxed elementor-section-height-default elementor-section-height-default\" data-id=\"8774b79\" data-element_type=\"section\">\n\t\t\t\t\t\t<div class=\"elementor-container elementor-column-gap-default\">\n\t\t\t\t\t<div class=\"elementor-column elementor-col-66 elementor-top-column elementor-element elementor-element-974c26b\" data-id=\"974c26b\" data-element_type=\"column\">\n\t\t\t<div class=\"elementor-widget-wrap elementor-element-populated\">\n\t\t\t\t\t\t<div class=\"elementor-element elementor-element-41d3827 elementor-widget elementor-widget-image\" data-id=\"41d3827\" data-element_type=\"widget\" data-widget_type=\"image.default\">\n\t\t\t\t<div class=\"elementor-widget-container\">\n\t\t\t\t\t\t\t\t\t\t\t\t\t\t\t<img fetchpriority=\"high\" decoding=\"async\" width=\"537\" height=\"955\" src=\"https:\/\/yogietyogini.fr\/wp-content\/uploads\/2022\/09\/sylvaine.jpeg\" class=\"attachment-large size-large wp-image-267\" alt=\"\" srcset=\"https:\/\/yogietyogini.fr\/wp-content\/uploads\/2022\/09\/sylvaine.jpeg 537w, https:\/\/yogietyogini.fr\/wp-content\/uploads\/2022\/09\/sylvaine-169x300.jpeg 169w\" sizes=\"(max-width: 537px) 100vw, 537px\" \/>\t\t\t\t\t\t\t\t\t\t\t\t\t\t\t<\/div>\n\t\t\t\t<\/div>\n\t\t\t\t\t<\/div>\n\t\t<\/div>\n\t\t\t\t<div class=\"elementor-column elementor-col-33 elementor-top-column elementor-element elementor-element-f6cdfe3\" data-id=\"f6cdfe3\" data-element_type=\"column\">\n\t\t\t<div class=\"elementor-widget-wrap elementor-element-populated\">\n\t\t\t\t\t\t<div class=\"elementor-element elementor-element-4a906a5 elementor-widget elementor-widget-text-editor\" data-id=\"4a906a5\" data-element_type=\"widget\" data-widget_type=\"text-editor.default\">\n\t\t\t\t<div class=\"elementor-widget-container\">\n\t\t\t\t\t\t\t\t\t<h2>Sylvaine, l&rsquo;animatrice : <\/h2><h3>CV yoga<\/h3><p>J&rsquo;ai pouss\u00e9 la porte du yoga \u00e0 20 ans, et je n&rsquo;en suis jamais ressortie.\u00a0 <\/p><p>J&rsquo;ai \u00e9tudi\u00e9 le yoga \u00e0 l&rsquo;\u00e9cole fran\u00e7aise de yoga (EFY) \u00e0 Paris en parall\u00e8le avec mon activit\u00e9 professionnelle et mon r\u00f4le de maman. Pour garder mon dipl\u00f4me actif, je dois faire une semaine de stage par an, ce qui m&rsquo;aide \u00e0 maintenir ma pratique vivante et, je l&rsquo;esp\u00e8re, inspir\u00e9e. <\/p><p>\u00a0J&rsquo;enseigne le Hatha yoga, celui que j&rsquo;ai appris \u00e0 l&rsquo;EFY, depuis 30 ans.<\/p><p>J&rsquo;ai fait un d\u00e9tour par le bouddhisme tib\u00e9tain, et je me suis int\u00e9ress\u00e9e au Qi Gong, au Feng-Shui et au Yi- King. <\/p><p>Je continue \u00e0 \u00e9tudier le yoga sous diff\u00e9rentes formes. J&rsquo;ai un dipl\u00f4me d&rsquo;animatrice de yoga du rire, je suis en seconde ann\u00e9e d&rsquo;un cycle d&rsquo;\u00e9tude sur 5 ans de nidra yoga. <\/p><h3>Divers<\/h3><p>\u00a0Fan d&rsquo;hero\u00efc fantasy, j&rsquo;ai ador\u00e9 David Eddings, Van Vogt et les incontournables JK Rowling et Robin Hobb.\u00a0 <\/p><p>J&rsquo;aime jardiner, et participerais avec plaisir \u00e0 tout \u00e9v\u00e8nement horticole, comme des \u00e9changes de graine ou de savoir faire&#8230;\u00a0 <\/p><p>\u00a0<\/p><p>\u00a0<\/p>\t\t\t\t\t\t\t\t<\/div>\n\t\t\t\t<\/div>\n\t\t\t\t\t<\/div>\n\t\t<\/div>\n\t\t\t\t\t<\/div>\n\t\t<\/section>\n\t\t\t\t<section class=\"elementor-section elementor-top-section elementor-element elementor-element-cb143b8 elementor-section-boxed elementor-section-height-default elementor-section-height-default\" data-id=\"cb143b8\" data-element_type=\"section\">\n\t\t\t\t\t\t<div class=\"elementor-container elementor-column-gap-default\">\n\t\t\t\t\t<div class=\"elementor-column elementor-col-100 elementor-top-column elementor-element elementor-element-4ae7fbe\" data-id=\"4ae7fbe\" data-element_type=\"column\">\n\t\t\t<div class=\"elementor-widget-wrap elementor-element-populated\">\n\t\t\t\t\t\t<div class=\"elementor-element elementor-element-e32f363 elementor-widget elementor-widget-heading\" data-id=\"e32f363\" data-element_type=\"widget\" data-widget_type=\"heading.default\">\n\t\t\t\t<div class=\"elementor-widget-container\">\n\t\t\t\t\t<h2 class=\"elementor-heading-title elementor-size-default\">Remise de dipl\u00f4me yoga du rire, ao\u00fbt 2022 <\/h2>\t\t\t\t<\/div>\n\t\t\t\t<\/div>\n\t\t\t\t\t<\/div>\n\t\t<\/div>\n\t\t\t\t\t<\/div>\n\t\t<\/section>\n\t\t\t\t<section class=\"elementor-section elementor-top-section elementor-element elementor-element-76efaff elementor-section-boxed elementor-section-height-default elementor-section-height-default\" data-id=\"76efaff\" data-element_type=\"section\">\n\t\t\t\t\t\t<div class=\"elementor-container elementor-column-gap-default\">\n\t\t\t\t\t<div class=\"elementor-column elementor-col-50 elementor-top-column elementor-element elementor-element-a6c5a59\" data-id=\"a6c5a59\" data-element_type=\"column\">\n\t\t\t<div class=\"elementor-widget-wrap\">\n\t\t\t\t\t\t\t<\/div>\n\t\t<\/div>\n\t\t\t\t<div class=\"elementor-column elementor-col-50 elementor-top-column elementor-element elementor-element-d5b6dac\" data-id=\"d5b6dac\" data-element_type=\"column\">\n\t\t\t<div class=\"elementor-widget-wrap\">\n\t\t\t\t\t\t\t<\/div>\n\t\t<\/div>\n\t\t\t\t\t<\/div>\n\t\t<\/section>\n\t\t\t\t<section class=\"elementor-section elementor-top-section elementor-element elementor-element-1bec4a2 elementor-section-boxed elementor-section-height-default elementor-section-height-default\" data-id=\"1bec4a2\" data-element_type=\"section\">\n\t\t\t\t\t\t<div class=\"elementor-container elementor-column-gap-default\">\n\t\t\t\t\t<div class=\"elementor-column elementor-col-50 elementor-top-column elementor-element elementor-element-3b21a83\" data-id=\"3b21a83\" data-element_type=\"column\">\n\t\t\t<div class=\"elementor-widget-wrap elementor-element-populated\">\n\t\t\t\t\t\t<div class=\"elementor-element elementor-element-d99dfc8 elementor-widget elementor-widget-image\" data-id=\"d99dfc8\" data-element_type=\"widget\" data-widget_type=\"image.default\">\n\t\t\t\t<div class=\"elementor-widget-container\">\n\t\t\t\t\t\t\t\t\t\t\t\t\t\t\t<img decoding=\"async\" width=\"1024\" height=\"768\" src=\"https:\/\/yogietyogini.fr\/wp-content\/uploads\/2022\/09\/FB_IMG_1662912562164.jpg\" class=\"attachment-large size-large wp-image-431\" alt=\"\" srcset=\"https:\/\/yogietyogini.fr\/wp-content\/uploads\/2022\/09\/FB_IMG_1662912562164.jpg 1024w, https:\/\/yogietyogini.fr\/wp-content\/uploads\/2022\/09\/FB_IMG_1662912562164-300x225.jpg 300w, https:\/\/yogietyogini.fr\/wp-content\/uploads\/2022\/09\/FB_IMG_1662912562164-768x576.jpg 768w\" sizes=\"(max-width: 1024px) 100vw, 1024px\" \/>\t\t\t\t\t\t\t\t\t\t\t\t\t\t\t<\/div>\n\t\t\t\t<\/div>\n\t\t\t\t\t<\/div>\n\t\t<\/div>\n\t\t\t\t<div class=\"elementor-column elementor-col-50 elementor-top-column elementor-element elementor-element-9fb7690\" data-id=\"9fb7690\" data-element_type=\"column\">\n\t\t\t<div class=\"elementor-widget-wrap elementor-element-populated\">\n\t\t\t\t\t\t<div class=\"elementor-element elementor-element-2c6067c elementor-widget elementor-widget-text-editor\" data-id=\"2c6067c\" data-element_type=\"widget\" data-widget_type=\"text-editor.default\">\n\t\t\t\t<div class=\"elementor-widget-container\">\n\t\t\t\t\t\t\t\t\t<p>Val\u00e9rie (\u00e0 droite), animatrice de yoga du rire et Sylvaine (\u00e0 gauche) heureuse d&rsquo;obtenir son dipl\u00f4me <\/p>\t\t\t\t\t\t\t\t<\/div>\n\t\t\t\t<\/div>\n\t\t\t\t\t<\/div>\n\t\t<\/div>\n\t\t\t\t\t<\/div>\n\t\t<\/section>\n\t\t\t\t<\/div>\n\t\t","protected":false},"excerpt":{"rendered":"<p>Qui suis-je ? Sylvaine, l&rsquo;animatrice : CV yoga J&rsquo;ai pouss\u00e9 la porte du yoga \u00e0 20 ans, et je n&rsquo;en suis jamais ressortie.\u00a0 J&rsquo;ai \u00e9tudi\u00e9 le yoga \u00e0 l&rsquo;\u00e9cole fran\u00e7aise de yoga (EFY) \u00e0 Paris en parall\u00e8le avec mon activit\u00e9 professionnelle et mon r\u00f4le de maman. Pour garder mon dipl\u00f4me actif, je dois faire une [&hellip;]<\/p>\n","protected":false},"author":1,"featured_media":0,"parent":0,"menu_order":0,"comment_status":"closed","ping_status":"closed","template":"","meta":{"ocean_post_layout":"","ocean_both_sidebars_style":"","ocean_both_sidebars_content_width":0,"ocean_both_sidebars_sidebars_width":0,"ocean_sidebar":"0","ocean_second_sidebar":"0","ocean_disable_margins":"enable","ocean_add_body_class":"","ocean_shortcode_before_top_bar":"","ocean_shortcode_after_top_bar":"","ocean_shortcode_before_header":"","ocean_shortcode_after_header":"","ocean_has_shortcode":"","ocean_shortcode_after_title":"","ocean_shortcode_before_footer_widgets":"","ocean_shortcode_after_footer_widgets":"","ocean_shortcode_before_footer_bottom":"","ocean_shortcode_after_footer_bottom":"","ocean_display_top_bar":"default","ocean_display_header":"default","ocean_header_style":"","ocean_center_header_left_menu":"0","ocean_custom_header_template":"0","ocean_custom_logo":0,"ocean_custom_retina_logo":0,"ocean_custom_logo_max_width":0,"ocean_custom_logo_tablet_max_width":0,"ocean_custom_logo_mobile_max_width":0,"ocean_custom_logo_max_height":0,"ocean_custom_logo_tablet_max_height":0,"ocean_custom_logo_mobile_max_height":0,"ocean_header_custom_menu":"0","ocean_menu_typo_font_family":"0","ocean_menu_typo_font_subset":"","ocean_menu_typo_font_size":0,"ocean_menu_typo_font_size_tablet":0,"ocean_menu_typo_font_size_mobile":0,"ocean_menu_typo_font_size_unit":"px","ocean_menu_typo_font_weight":"","ocean_menu_typo_font_weight_tablet":"","ocean_menu_typo_font_weight_mobile":"","ocean_menu_typo_transform":"","ocean_menu_typo_transform_tablet":"","ocean_menu_typo_transform_mobile":"","ocean_menu_typo_line_height":0,"ocean_menu_typo_line_height_tablet":0,"ocean_menu_typo_line_height_mobile":0,"ocean_menu_typo_line_height_unit":"","ocean_menu_typo_spacing":0,"ocean_menu_typo_spacing_tablet":0,"ocean_menu_typo_spacing_mobile":0,"ocean_menu_typo_spacing_unit":"","ocean_menu_link_color":"","ocean_menu_link_color_hover":"","ocean_menu_link_color_active":"","ocean_menu_link_background":"","ocean_menu_link_hover_background":"","ocean_menu_link_active_background":"","ocean_menu_social_links_bg":"","ocean_menu_social_hover_links_bg":"","ocean_menu_social_links_color":"","ocean_menu_social_hover_links_color":"","ocean_disable_title":"default","ocean_disable_heading":"default","ocean_post_title":"","ocean_post_subheading":"","ocean_post_title_style":"","ocean_post_title_background_color":"","ocean_post_title_background":0,"ocean_post_title_bg_image_position":"","ocean_post_title_bg_image_attachment":"","ocean_post_title_bg_image_repeat":"","ocean_post_title_bg_image_size":"","ocean_post_title_height":0,"ocean_post_title_bg_overlay":0.5,"ocean_post_title_bg_overlay_color":"","ocean_disable_breadcrumbs":"default","ocean_breadcrumbs_color":"","ocean_breadcrumbs_separator_color":"","ocean_breadcrumbs_links_color":"","ocean_breadcrumbs_links_hover_color":"","ocean_display_footer_widgets":"default","ocean_display_footer_bottom":"default","ocean_custom_footer_template":"0","footnotes":""},"class_list":["post-276","page","type-page","status-publish","hentry","entry"],"jetpack_sharing_enabled":true,"_links":{"self":[{"href":"https:\/\/yogietyogini.fr\/index.php?rest_route=\/wp\/v2\/pages\/276","targetHints":{"allow":["GET"]}}],"collection":[{"href":"https:\/\/yogietyogini.fr\/index.php?rest_route=\/wp\/v2\/pages"}],"about":[{"href":"https:\/\/yogietyogini.fr\/index.php?rest_route=\/wp\/v2\/types\/page"}],"author":[{"embeddable":true,"href":"https:\/\/yogietyogini.fr\/index.php?rest_route=\/wp\/v2\/users\/1"}],"replies":[{"embeddable":true,"href":"https:\/\/yogietyogini.fr\/index.php?rest_route=%2Fwp%2Fv2%2Fcomments&post=276"}],"version-history":[{"count":16,"href":"https:\/\/yogietyogini.fr\/index.php?rest_route=\/wp\/v2\/pages\/276\/revisions"}],"predecessor-version":[{"id":437,"href":"https:\/\/yogietyogini.fr\/index.php?rest_route=\/wp\/v2\/pages\/276\/revisions\/437"}],"wp:attachment":[{"href":"https:\/\/yogietyogini.fr\/index.php?rest_route=%2Fwp%2Fv2%2Fmedia&parent=276"}],"curies":[{"name":"wp","href":"https:\/\/api.w.org\/{rel}","templated":true}]}}